2?
88
What is the remainder when 4294 is divided by 10?
4
What is the remainder when 240933 is divided by 419?
8
What is the remainder when 199190 is divided by 56?
54
Calculate the remainder when 37023 is divided by 10.
3
What is the remainder when 3671 is divided by 1215?
26
What is the remainder when 1147 is divided by 561?
25
What is the remainder when 235920 is divided by 51?
45
Calculate the remainder when 10723 is divided by 228.
7
Calculate the remainder when 6745 is divided by 3351.
43
Calculate the remainder when 62561 is divided by 1389.
56
Calculate the remainder when 31762 is divided by 19.
13
Calculate the remainder when 982 is divided by 535.
447
Calculate the remainder when 3526660 is divided by 127.
124
Calculate the remainder when 23880 is divided by 2648.
48
Calculate the remainder when 113908 is divided by 16272.
4
Calculate the remainder when 84169 is divided by 5260.
9
Calculate the remainder when 5932 is divided by 1923.
163
Calculate the remainder when 12555 is divided by 3790.
1185
Calculate the remainder when 1265 is divided by 130.
95
Calculate the remainder when 12510 is divided by 38.
8
Calculate the remainder when 87269 is divided by 666.
23
Calculate the remainder when 106067 is divided by 26514.
11
What is the remainder when 4873 is divided by 2424?
25
What is the remainder when 144956 is divided by 60?
56
What is the remainder when 667 is divided by 76?
59
Calculate the remainder when 208569 is divided by 31.
1
Calculate the remainder when 12500 is divided by 743.
612
What is the remainder when 182422 is divided by 66?
64
Calculate the remainder when 2697 is divided by 725.
522
Calculate the remainder when 18905 is divided by 170.
35
Calculate the remainder when 1474 is divided by 185.
179
What is the remainder when 254360 is divided by 14?
8
Calculate the remainder when 941 is divided by 242.
215
What is the remainder when 26464 is divided by 26444?
20
What is the remainder when 6024 is divided by 90?
84
Calculate the remainder when 243562 is divided by 50.
12
Calculate the remainder when 1038 is divided by 66.
48
What is the remainder when 71466 is divided by 17?
15
What is the remainder when 29497 is divided by 615?
592
What is the remainder when 511 is divided by 33?
16
What is the remainder when 389 is divided by 157?
75
What is the remainder when 20696 is divided by 10340?
16
What is the remainder when 4074 is divided by 150?
24
Calculate the remainder when 12770 is divided by 1267.
100
Calculate the remainder when 357812 is divided by 139.
26
What is the remainder when 3094 is divided by 13?
0
Calculate the remainder when 1926612 is divided by 1337.
1332
What is the remainder when 2556 is divided by 55?
26
What is the remainder when 6400 is divided by 78?
4
Calculate the remainder when 82576 is divided by 263.
257
Calculate the remainder when 1871238 is divided by 652.
650
What is the remainder when 2198 is divided by 742?
714
What is the remainder when 223728 is divided by 9?
6
Calculate the remainder when 3310 is divided by 303.
280
What is the remainder when 45379 is divided by 322?
299
What is the remainder when 4017041 is divided by 93?
92
What is the remainder when 243104 is divided by 18?
14
What is the remainder when 56819 is divided by 147?
77
What is the remainder when 10265 is divided by 10111?
154
Calculate the remainder when 1771 is divided by 121.
77
What is the remainder when 67787 is divided by 49?
20
Calculate the remainder when 42216 is divided by 93.
87
Calculate the remainder when 2901 is divided by 24.
21
What is the remainder when 382263 is divided by 5540?
3
What is the remainder when 13817 is divided by 727?
4
Calculate the remainder when 11585 is divided by 268.
61
Calculate the remainder when 22537 is divided by 256.
9
Calculate the remainder when 14078 is divided by 2762.
268
Calculate the remainder when 359840 is divided by 994.
12
Calculate the remainder when 79687 is divided by 9920.
327
What is the remainder when 260929 is divided by 86976?
1
Calculate the remainder when 2096 is divided by 178.
138
What is the remainder when 12205 is divided by 35?
25
What is the remainder when 5415 is divided by 1081?
10
What is the remainder when 98997 is divided by 66?
63
What is the remainder when 30467 is divided by 220?
107
Calculate the remainder when 26394 is divided by 26219.
175
What is the remainder when 674 is divided by 25?
24
Calculate the remainder when 1294586 is divided by 13.
7
Calculate the remainder when 38623 is divided by 174.
169
Calculate the remainder when 3393 is divided by 307.
16
Calculate the remainder when 893954 is divided by 10.
4
What is the remainder when 1410 is divided by 21?
3
What is the remainder when 236729 is divided by 518?
3
What is the remainder when 10558 is divided by 10518?
40
What is the remainder when 3914 is divided by 1471?
972
What is the remainder when 771 is divided by 404?
367
Calculate the remainder when 36379 is divided by 24.
19
Calculate the remainder when 3686572 is divided by 617.
614
What is the remainder when 1161 is divided by 376?
33
Calculate the remainder when 5661 is divided by 854.
537
What is the remainder when 6592 is divided by 2189?
25
What is the remainder when 149899 is divided by 29977?
14
What is the remainder when 12293 is divided by 3071?
9
What is the remainder when 622324 is divided by 207434?
22
What is the remainder when 32681 is divided by 495?
11
What is the remainder when 95877 is divided by 366?
351
Calculate the remainder when 4406 is divided by 15.
11
What is the remainder when 68092 is divided by 149?
148
Calculate the remainder when 2933466 is divided by 124.
122
Calculate the remainder when 23729 is divided by 819.
797
What is the remainder when 508654 is divided by 32?
14
Calculate the remainder when 1083119 is divided by 17.
15
What is the remainder when 1059710 is divided by 226?
222
What is the remainder when 880 is divided by 6?
4
Calculate the remainder when 36375 is divided by 423.
420
What is the remainder when 12503 is divided by 12491?
12
Calculate the remainder when 3673 is divided by 14.
5
What is the remainder when 128154 is divided by 270?
174
What is the remainder when 95759 is divided by 180?
179
What is the remainder when 22252 is divided by 327?
16
Calculate the remainder when 1472 is divided by 58.
22
What is the remainder when 48637 is divided by 127?
123
What is the remainder when 147361 is divided by 828?
805
What is the remainder when 11781 is divided by 75?
6
Calculate the remainder when 307835 is divided by 1912.
3
Calculate the remainder when 2014 is divided by 226.
206
What is the remainder when 275308 is divided by 16?
12
Calculate the remainder when 31884 is divided by 6372.
24
Calculate the remainder when 160993 is divided by 475.
443
Calculate the remainder when 120164 is divided by 60046.
72
Calculate the remainder when 210501 is divided by 21.
18
What is the remainder when 28874 is divided by 14435?
4
What is the remainder when 18326 is divided by 258?
8
Calculate the remainder when 23205 is divided by 495.
435
What is the remainder when 97312 is divided by 14?
12
What is the remainder when 14753 is divided by 7327?
99
Calculate the remainder when 74291 is divided by 72.
59
Calculate the remainder when 8583 is divided by 53.
50
What is the remainder when 171640 is divided by 85812?
16
Calculate the remainder when 22252 is divided by 214.
210
What is the remainder when 79596 is divided by 13?
10
What is the remainder when 183669 is divided by 45913?
17
What is the remainder when 2798 is divided by 175?
173
Calculate the remainder when 80788 is divided by 1795.
13
What is the remainder when 788 is divided by 531?
257
What is the remainder when 384 is divided by 55?
54
Calculate the remainder when 14710 is divided by 566.
560
What is the remainder when 232841 is divided by 216?
209
What is the remainder when 27548 is divided by 13767?
14
What is the remainder when 49186 is divided by 16386?
28
Calculate the remainder when 15033 is divided by 407.
381
Calculate the remainder when 1906 is divided by 1803.
103
Calculate the remainder when 301 is divided by 262.
39
What is the remainder when 15417 is divided by 12?
9
What is the remainder when 75760 is divided by 66?
58